{"id":158,"date":"2014-12-30T14:01:12","date_gmt":"2014-12-30T13:01:12","guid":{"rendered":"http:\/\/lesamisdealing.fr\/wordpress\/?page_id=158"},"modified":"2014-12-30T14:01:12","modified_gmt":"2014-12-30T13:01:12","slug":"les-comedies-dealing","status":"publish","type":"page","link":"http:\/\/lesamisdealing.fr\/?page_id=158","title":{"rendered":"Les com\u00e9dies d&rsquo;Ealing"},"content":{"rendered":"<h3>The Ladykillers &#8211; Tueurs de Dames (1955)<\/h3>\n<p>L&rsquo;excentrique Professeur Marcus a lou\u00e9 une chambre chez la charmante Mrs Wilberforce. C&rsquo;est l\u00e0 qu&rsquo;il re\u00e7oit ses amis gangsters afin d&rsquo;y pr\u00e9parer un hold-up au lieu de r\u00e9p\u00e9ter avec son quintet \u00e0 cordes comme il voudrait le faire croire. Lorsque Mrs Wilberforce d\u00e9couvre la v\u00e9rit\u00e9, les bandits d\u00e9cident de l&rsquo;\u00e9liminer mais personne n&rsquo;a le c\u0153ur de le faire.<\/p>\n<p><em>On retrouve dans ce film une belle palette d&rsquo;acteurs de renom dont Ales Guinness, Cecil Parker, Herbert Lom et Peter Sellers. Ces deux derniers feront \u00e9quipe dans les inoubliables films de \u00ab\u00a0la Panth\u00e8re Rose\u00a0\u00bb.<\/em><\/p>\n<p><a href=\"http:\/\/lesamisdealing.fr\/wordpress\/wp-content\/uploads\/2014\/12\/Theladykillers.jpg\"><img loading=\"lazy\" decoding=\"async\" class=\"attachment-medium aligncenter\" src=\"http:\/\/lesamisdealing.fr\/wordpress\/wp-content\/uploads\/2014\/12\/Theladykillers.jpg\" alt=\"Theladykillers\" width=\"240\" height=\"161\" \/><\/a><\/p>\n<h3>The Man in the White Suit &#8211; L&rsquo;homme au complet blanc (1951)<\/h3>\n<p>Sydney Stratton (interpr\u00e9t\u00e9 par Alec Guinness) est un doux savant qui poursuit secr\u00e8tement des recherches dans l&rsquo;usine textile qui l&#8217;emploie. Il parvient \u00e0 cr\u00e9er une fibre textile insalissable, incassable et imputrescible. Son employeur accepte sa d\u00e9couverte mais les industriels concurrents s&rsquo;\u00e9meuvent et se liguent pour l&#8217;emp\u00eacher d&rsquo;exploiter son invention. H\u00e9las, il s&rsquo;est tromp\u00e9 dans ses calculs &#8230;<\/p>\n<p><em>Un chef d&rsquo;\u0153uvre d&rsquo;humour subversif, o\u00f9 po\u00e9sie et satire sociale se m\u00ealent pour d\u00e9noncer un capitalisme carnassier et un prol\u00e9tariat myope.<\/em><\/p>\n<p><a href=\"http:\/\/lesamisdealing.fr\/wordpress\/wp-content\/uploads\/2014\/12\/themaninthewhitesuit.jpg\"><img loading=\"lazy\" decoding=\"async\" class=\"attachment-medium aligncenter\" src=\"http:\/\/lesamisdealing.fr\/wordpress\/wp-content\/uploads\/2014\/12\/themaninthewhitesuit.jpg\" alt=\"themaninthewhitesuit\" width=\"240\" height=\"218\" \/><\/a><\/p>\n<h3>Whisky Galore &#8211; Whisky \u00e0 Gogo (1949)<\/h3>\n<p>1943, dans une petite \u00eele des H\u00e9brides. Tout va mal, car il n&rsquo;y a plus de whisky. Mais un navire charg\u00e9 d&rsquo;alcool fait naufrage devant les c\u00f4tes. Une course de vitesse pour r\u00e9cup\u00e9rer la cargaison s&rsquo;engage entre l&rsquo;arm\u00e9e, la douane et la population, qui bien s\u00fbr, finira gagnante.<\/p>\n<p><em>Tout \u00e0 la gloire de libations et du whisky, ce films avant tout \u00e9cossais, fourmille de gags satiriques et de situations amusantes. On s&rsquo;y moque des Anglais, tandis que les autochtones sont peints avec une justesse sympathique.<\/em><\/p>\n<p><a href=\"http:\/\/lesamisdealing.fr\/wordpress\/wp-content\/uploads\/2014\/12\/whiskyGalore.jpg\"><img loading=\"lazy\" decoding=\"async\" class=\"attachment-medium aligncenter\" src=\"http:\/\/lesamisdealing.fr\/wordpress\/wp-content\/uploads\/2014\/12\/whiskyGalore.jpg\" alt=\"whiskyGalore\" width=\"240\" height=\"215\" \/><\/a><\/p>\n<h3>Hue and Cry &#8211; A Cor et \u00e0 Cri (1947)<\/h3>\n<p>Une histoire simple d&rsquo;enfants dans les rues de Londres, qui d\u00e9couvrent que leur magazine de B.D. est utilis\u00e9 par des gangsters pour passer des messages secrets.<\/p>\n<p><em>R\u00e9aliste et comique \u00e0 la fois, ce films rencontra l&rsquo;enthousiasme du public. Sans avoir le mordant des films qui suivront, il \u00e9tait avant tout le reflet d&rsquo;une \u00e9poque et d&rsquo;un \u00e9tat d&rsquo;esprit dans lequel se retrouvait le public.<\/em><\/p>\n<p><a href=\"http:\/\/lesamisdealing.fr\/wordpress\/wp-content\/uploads\/2014\/12\/hueANDcry.jpg\"><img loading=\"lazy\" decoding=\"async\" class=\"attachment-medium aligncenter\" src=\"http:\/\/lesamisdealing.fr\/wordpress\/wp-content\/uploads\/2014\/12\/hueANDcry-238x300.jpg\" alt=\"hueANDcry\" width=\"238\" height=\"300\" \/><\/a><\/p>\n<h3>The Titfield Thunderbolt &#8211; Tortillars pour Titfield (1953)<\/h3>\n<p>A Titfield, charmant petit village anglais, les habitants affrontent les bureaucrates anonymes qui veulent supprimer leur ligne de chemin de fer au profit d&rsquo;un bel autocar dernier mod\u00e8le. Ils se cotisent et ach\u00e8tent le train !<\/p>\n<p><em>Cette com\u00e9die ne connut pas le succ\u00e8s des premi\u00e8res, la raison principale en \u00e9tant certainement un manque d&rsquo;int\u00e9r\u00eat pour le sujet. La revue \u00ab\u00a0Picturegoer\u00a0\u00bb (=spectateur) fit remarquer que parmi la distribution du fils, on ne rencontrait pas un seul amoureux du chemin de fer.<\/em><\/p>\n<p><a href=\"http:\/\/lesamisdealing.fr\/wordpress\/wp-content\/uploads\/2014\/12\/theTitfieldThunderbolt.jpg\"><img loading=\"lazy\" decoding=\"async\" class=\"attachment-medium aligncenter\" src=\"http:\/\/lesamisdealing.fr\/wordpress\/wp-content\/uploads\/2014\/12\/theTitfieldThunderbolt.jpg\" alt=\"theTitfieldThunderbolt\" width=\"240\" height=\"187\" \/><\/a><\/p>\n<h3>Passport for Pimlico &#8211; Passeport pour Pimlico (1949)<\/h3>\n<p>Les habitants de Pimlico, un quartier de Londres, d\u00e9couvrent par hasard un vieux document du XV\u00e8me si\u00e8cles accordant \u00e0 perp\u00e9tuit\u00e9 l&rsquo;endroit au Duc de Bourgogne. De fait, ils se d\u00e9clarent aussit\u00f4t Bourguignons et s&rsquo;affranchissent des lois Anglaises, br\u00fblant leurs papiers, \u00e9tablissant des barri\u00e8res douani\u00e8res&#8230; Le gouvernement britannique riposte en organisant le blocus<\/p>\n<p><em>Satire des institutions, galerie de portraits pittoresques, excentricit\u00e9 typiquement britannique : tous les ingr\u00e9dients de ka Com\u00e9die d&rsquo;Ealing sont r\u00e9unis dans ce films r\u00e9solument loufoque.<\/em><\/p>\n<p><a href=\"http:\/\/lesamisdealing.fr\/wordpress\/wp-content\/uploads\/2014\/12\/passportFORpimlico.jpg\"><img loading=\"lazy\" decoding=\"async\" class=\"attachment-medium aligncenter\" src=\"http:\/\/lesamisdealing.fr\/wordpress\/wp-content\/uploads\/2014\/12\/passportFORpimlico.jpg\" alt=\"passportFORpimlico\" width=\"240\" height=\"196\" \/><\/a><\/p>\n<h3>The Lavender Hill Mob &#8211; De l&rsquo;or en Barres (1951)<\/h3>\n<p>Mr. Holland, respectable employ\u00e9 de banque jou\u00e9 par Alec Guinness, r\u00eave d&rsquo;une vie de pacha. Aussi, se laisse-t-il tenter : il s&rsquo;associe \u00e0 des criminels, vole les lingots d&rsquo;or qu&rsquo;il est charg\u00e9 de surveiller et transforme ceux-ci en Tours-Eiffel souvenirs.<\/p>\n<p><em>Lorsque le sc\u00e9nariste, T.B. Clarke pr\u00e9senta son id\u00e9e \u00e0 Michael Balcon, celui-ci qui attendait un sc\u00e9nario pour un autre film, le renvoya \u00e0 son bureau sans m\u00e9nagement pour le rappeler deux heures plus tard et se mettre au travail illico. Outre les nombreuses p\u00e9rip\u00e9ties qui relancent sans cesse l&rsquo;action, l&rsquo;humour vise aussi la vie m\u00e9diocre de l&rsquo;anglais moyen, admirablement interpr\u00e9t\u00e9 par Alec Guinness.<\/em><\/p>\n<p><a href=\"http:\/\/lesamisdealing.fr\/wordpress\/wp-content\/uploads\/2014\/12\/thelavenderHillMob.jpg\"><img loading=\"lazy\" decoding=\"async\" class=\"attachment-medium aligncenter\" src=\"http:\/\/lesamisdealing.fr\/wordpress\/wp-content\/uploads\/2014\/12\/thelavenderHillMob.jpg\" alt=\"thelavenderHillMob\" width=\"240\" height=\"191\" \/><\/a><\/p>\n<h3>Kind Hearts and Coronets &#8211; Noblesse Oblige (1949)<\/h3>\n<p>Louis d&rsquo;ascoyne Mazzini, reni\u00e9 par la famille de sa m\u00e8re, jure de se venger. Huit membres de sa famille (tous jou\u00e9s par Alec Guinness) s&rsquo;interposent entre le titre h\u00e9r\u00e9ditaire de Duc et lui. Il entreprend de les \u00e9liminer un par un&#8230;<\/p>\n<p><em>C&rsquo;est Dennis Price qui joue Louis, dandy quelque peur diabolique qui assassine avec un flegme et une \u00e9l\u00e9gance tr\u00e8s britanniques. Pour beaucoup, il s&rsquo;agit de la meilleure de toutes les com\u00e9dies d&rsquo;Ealing, la mieux construite et la plus aboutie.<\/em><\/p>\n<p><a href=\"http:\/\/lesamisdealing.fr\/wordpress\/wp-content\/uploads\/2014\/12\/NoblesseObligePETIT.jpg\"><img loading=\"lazy\" decoding=\"async\" class=\"attachment-medium aligncenter\" src=\"http:\/\/lesamisdealing.fr\/wordpress\/wp-content\/uploads\/2014\/12\/NoblesseObligePETIT.jpg\" alt=\"NoblesseObligePETIT\" width=\"240\" height=\"144\" \/><\/a><\/p>\n","protected":false},"excerpt":{"rendered":"<p>The Ladykillers &#8211; Tueurs de Dames (1955) L&rsquo;excentrique Professeur Marcus a lou\u00e9 une chambre chez la charmante Mrs Wilberforce. C&rsquo;est l\u00e0 qu&rsquo;il re\u00e7oit ses amis gangsters afin d&rsquo;y pr\u00e9parer un hold-up au lieu de&#46;&#46;&#46;<\/p>\n","protected":false},"author":1,"featured_media":0,"parent":0,"menu_order":0,"comment_status":"open","ping_status":"open","template":"","meta":{"footnotes":"","_links_to":"","_links_to_target":""},"class_list":["post-158","page","type-page","status-publish","hentry"],"_links":{"self":[{"href":"http:\/\/lesamisdealing.fr\/index.php?rest_route=\/wp\/v2\/pages\/158","targetHints":{"allow":["GET"]}}],"collection":[{"href":"http:\/\/lesamisdealing.fr\/index.php?rest_route=\/wp\/v2\/pages"}],"about":[{"href":"http:\/\/lesamisdealing.fr\/index.php?rest_route=\/wp\/v2\/types\/page"}],"author":[{"embeddable":true,"href":"http:\/\/lesamisdealing.fr\/index.php?rest_route=\/wp\/v2\/users\/1"}],"replies":[{"embeddable":true,"href":"http:\/\/lesamisdealing.fr\/index.php?rest_route=%2Fwp%2Fv2%2Fcomments&post=158"}],"version-history":[{"count":1,"href":"http:\/\/lesamisdealing.fr\/index.php?rest_route=\/wp\/v2\/pages\/158\/revisions"}],"predecessor-version":[{"id":167,"href":"http:\/\/lesamisdealing.fr\/index.php?rest_route=\/wp\/v2\/pages\/158\/revisions\/167"}],"wp:attachment":[{"href":"http:\/\/lesamisdealing.fr\/index.php?rest_route=%2Fwp%2Fv2%2Fmedia&parent=158"}],"curies":[{"name":"wp","href":"https:\/\/api.w.org\/{rel}","templated":true}]}}