{"id":24,"date":"2014-11-16T11:26:06","date_gmt":"2014-11-16T10:26:06","guid":{"rendered":"http:\/\/lesamisdealing.fr\/wordpress\/?page_id=24"},"modified":"2026-02-09T20:44:13","modified_gmt":"2026-02-09T19:44:13","slug":"le-pique-nique","status":"publish","type":"page","link":"https:\/\/lesamisdealing.fr\/?page_id=24","title":{"rendered":"Le Pique-nique"},"content":{"rendered":"\n<figure class=\"wp-block-gallery has-nested-images columns-default is-cropped wp-block-gallery-1 is-layout-flex wp-block-gallery-is-layout-flex\">\n<figure class=\"wp-block-image size-full\"><a href=\"https:\/\/lesamisdealing.fr\/wp-content\/uploads\/2026\/01\/Benenden_Primary_School_The_Green_Benenden_Kent_-_geograph.org_.uk_-_335502.jpg\"><img loading=\"lazy\" decoding=\"async\" width=\"500\" height=\"375\" data-id=\"2193\" src=\"https:\/\/lesamisdealing.fr\/wp-content\/uploads\/2026\/01\/Benenden_Primary_School_The_Green_Benenden_Kent_-_geograph.org_.uk_-_335502.jpg\" alt=\"\" class=\"wp-image-2193\" srcset=\"https:\/\/lesamisdealing.fr\/wp-content\/uploads\/2026\/01\/Benenden_Primary_School_The_Green_Benenden_Kent_-_geograph.org_.uk_-_335502.jpg 500w, https:\/\/lesamisdealing.fr\/wp-content\/uploads\/2026\/01\/Benenden_Primary_School_The_Green_Benenden_Kent_-_geograph.org_.uk_-_335502-300x225.jpg 300w, https:\/\/lesamisdealing.fr\/wp-content\/uploads\/2026\/01\/Benenden_Primary_School_The_Green_Benenden_Kent_-_geograph.org_.uk_-_335502-100x75.jpg 100w\" sizes=\"auto, (max-width: 500px) 100vw, 500px\" \/><\/a><\/figure>\n\n\n\n<figure class=\"wp-block-image size-full\"><a href=\"https:\/\/lesamisdealing.fr\/wp-content\/uploads\/2026\/01\/St_George_Benenden-1-1.jpg\"><img loading=\"lazy\" decoding=\"async\" width=\"1996\" height=\"1466\" data-id=\"2199\" src=\"https:\/\/lesamisdealing.fr\/wp-content\/uploads\/2026\/01\/St_George_Benenden-1-1.jpg\" alt=\"\" class=\"wp-image-2199\" srcset=\"https:\/\/lesamisdealing.fr\/wp-content\/uploads\/2026\/01\/St_George_Benenden-1-1.jpg 1996w, https:\/\/lesamisdealing.fr\/wp-content\/uploads\/2026\/01\/St_George_Benenden-1-1-300x220.jpg 300w, https:\/\/lesamisdealing.fr\/wp-content\/uploads\/2026\/01\/St_George_Benenden-1-1-1024x752.jpg 1024w, https:\/\/lesamisdealing.fr\/wp-content\/uploads\/2026\/01\/St_George_Benenden-1-1-768x564.jpg 768w, https:\/\/lesamisdealing.fr\/wp-content\/uploads\/2026\/01\/St_George_Benenden-1-1-100x73.jpg 100w, https:\/\/lesamisdealing.fr\/wp-content\/uploads\/2026\/01\/St_George_Benenden-1-1-1536x1128.jpg 1536w\" sizes=\"auto, (max-width: 1996px) 100vw, 1996px\" \/><\/a><\/figure>\n<\/figure>\n\n\n\n<figure class=\"wp-block-image size-full is-resized\"><a href=\"http:\/\/lesamisdealing.fr\/wp-content\/uploads\/2026\/01\/The_main_building_at_Benenden_School_-_geograph.org_.uk_-_500073-1.jpg\"><img loading=\"lazy\" decoding=\"async\" width=\"640\" height=\"480\" src=\"http:\/\/lesamisdealing.fr\/wp-content\/uploads\/2026\/01\/The_main_building_at_Benenden_School_-_geograph.org_.uk_-_500073-1.jpg\" alt=\"\" class=\"wp-image-2195\" style=\"width:380px;height:auto\" srcset=\"https:\/\/lesamisdealing.fr\/wp-content\/uploads\/2026\/01\/The_main_building_at_Benenden_School_-_geograph.org_.uk_-_500073-1.jpg 640w, https:\/\/lesamisdealing.fr\/wp-content\/uploads\/2026\/01\/The_main_building_at_Benenden_School_-_geograph.org_.uk_-_500073-1-300x225.jpg 300w, https:\/\/lesamisdealing.fr\/wp-content\/uploads\/2026\/01\/The_main_building_at_Benenden_School_-_geograph.org_.uk_-_500073-1-100x75.jpg 100w\" sizes=\"auto, (max-width: 640px) 100vw, 640px\" \/><\/a><\/figure>\n\n\n<p><strong>PIQUE-NIQUE\u00a0FRANCO-\u00ad<wbr \/>BRITANNIQUE le 14 \u00a0JUIN\u00a0 2026 \u00e0 BENENDEN<\/strong> <strong>\u00a0en Angleterre\u00a0<br \/><\/strong><\/p>\n<p>\u00a0 \u00a0 \u00a0 \u00a0 \u00a0 \u00a0 \u00a0 \u00a0 \u00a0 \u00a0 \u00a0 \u00a0 \u00a0 \u00a0 \u00a0 \u00a0 \u00a0 \u00a0 \u00a0 \u00a0 \u00a0 \u00a0 \u00a0 \u00a0 \u00a0 \u00a0 \u00a0 \u00a0 \u00a0 \u00a0 \u00a0 \u00a0 \u00a0 Save the date !<\/p>\n<p>Notre pique-nique annuel aura lieu<strong>, en \u00a0Angleterre \u00a0<\/strong>, \u00a0\u00e0 <strong>BENENDEN ( <\/strong>\u00e0 1 heure de Douvres) \u00a0<strong>le dimanche 14 \u00a0juin 2026, \u00e0 partir de 11H30<\/strong><\/p>\n<p>Nous retrouverons nos amis des \u201cFriends of Marcq\u201d et partagerons les plats que vous aurez pr\u00e9par\u00e9s pour ce repas froid. Comme d\u2019habitude notre association fournira vins, \u00a0et pain. Pensez \u00e0 prendre assiettes, couverts et verres.<\/p>\n<p>En retour, nos amis auront pr\u00e9vu le th\u00e9 et les petits g\u00e2teaux, so British !<\/p>\n<p style=\"text-align: left;\">Apr\u00e8s le pique-nique nous pourrons faire \u00a0une visite de la ville .<\/p>\n<p style=\"font-weight: 400;\"><strong>Cette ann\u00e9e nous pr\u00e9coniserons le covoiturage\u00a0!<\/strong><\/p>\n<p><a href=\"http:\/\/lesamisdealing.fr\/wp-content\/uploads\/2026\/02\/pique-nique-Benenden-2026-pdf.pdf\">Inscriptions et renseignements en cliquant ici<\/a><\/p>\n\n\n<p><\/p>\n","protected":false},"excerpt":{"rendered":"<p>PIQUE-NIQUE\u00a0FRANCO-\u00adBRITANNIQUE le 14 \u00a0JUIN\u00a0 2026 \u00e0 BENENDEN \u00a0en Angleterre\u00a0 \u00a0 \u00a0 \u00a0 \u00a0 \u00a0 \u00a0 \u00a0 \u00a0 \u00a0 \u00a0 \u00a0 \u00a0 \u00a0 \u00a0 \u00a0 \u00a0 \u00a0 \u00a0 \u00a0 \u00a0 \u00a0 \u00a0 \u00a0 \u00a0 \u00a0&#46;&#46;&#46;<\/p>\n","protected":false},"author":1,"featured_media":78,"parent":0,"menu_order":0,"comment_status":"open","ping_status":"open","template":"","meta":{"footnotes":"","_links_to":"","_links_to_target":""},"class_list":["post-24","page","type-page","status-publish","has-post-thumbnail","hentry"],"_links":{"self":[{"href":"https:\/\/lesamisdealing.fr\/index.php?rest_route=\/wp\/v2\/pages\/24","targetHints":{"allow":["GET"]}}],"collection":[{"href":"https:\/\/lesamisdealing.fr\/index.php?rest_route=\/wp\/v2\/pages"}],"about":[{"href":"https:\/\/lesamisdealing.fr\/index.php?rest_route=\/wp\/v2\/types\/page"}],"author":[{"embeddable":true,"href":"https:\/\/lesamisdealing.fr\/index.php?rest_route=\/wp\/v2\/users\/1"}],"replies":[{"embeddable":true,"href":"https:\/\/lesamisdealing.fr\/index.php?rest_route=%2Fwp%2Fv2%2Fcomments&post=24"}],"version-history":[{"count":42,"href":"https:\/\/lesamisdealing.fr\/index.php?rest_route=\/wp\/v2\/pages\/24\/revisions"}],"predecessor-version":[{"id":2225,"href":"https:\/\/lesamisdealing.fr\/index.php?rest_route=\/wp\/v2\/pages\/24\/revisions\/2225"}],"wp:featuredmedia":[{"embeddable":true,"href":"https:\/\/lesamisdealing.fr\/index.php?rest_route=\/wp\/v2\/media\/78"}],"wp:attachment":[{"href":"https:\/\/lesamisdealing.fr\/index.php?rest_route=%2Fwp%2Fv2%2Fmedia&parent=24"}],"curies":[{"name":"wp","href":"https:\/\/api.w.org\/{rel}","templated":true}]}}