{"id":287,"date":"2015-03-23T13:22:55","date_gmt":"2015-03-23T12:22:55","guid":{"rendered":"http:\/\/lesamisdealing.fr\/wordpress\/?page_id=287"},"modified":"2025-06-17T13:32:34","modified_gmt":"2025-06-17T12:32:34","slug":"stage-adolescents","status":"publish","type":"page","link":"https:\/\/lesamisdealing.fr\/?page_id=287","title":{"rendered":"stage Adolescents 2024-2025"},"content":{"rendered":"\n<figure class=\"wp-block-image size-large\"><a href=\"http:\/\/lesamisdealing.fr\/wp-content\/uploads\/2024\/06\/Do-you-speak-english.jpg\"><img loading=\"lazy\" decoding=\"async\" width=\"301\" height=\"167\" src=\"http:\/\/lesamisdealing.fr\/wp-content\/uploads\/2024\/06\/Do-you-speak-english.jpg\" alt=\"\" class=\"wp-image-1971\" srcset=\"https:\/\/lesamisdealing.fr\/wp-content\/uploads\/2024\/06\/Do-you-speak-english.jpg 301w, https:\/\/lesamisdealing.fr\/wp-content\/uploads\/2024\/06\/Do-you-speak-english-100x55.jpg 100w\" sizes=\"auto, (max-width: 301px) 100vw, 301px\" \/><\/a><\/figure>\n\n\n<div class=\"section\">\n<div class=\"section\">\n<div class=\"section\">\n<div class=\"layoutArea\">\n<div class=\"column\">\n<h5>\u00a0<\/h5>\n<p style=\"font-weight: 400;\"><strong><u>Stage coll\u00e8ge :<br \/><\/u><\/strong><span style=\"font-size: inherit;\">Objectifs p\u00e9dagogiques : combler les lacunes, renforcer les acquis du coll\u00e8ge, am\u00e9liorer l\u2019assurance et la motivation par le biais d\u2019activit\u00e9s ludiques.<\/span><\/p>\n<p style=\"font-weight: 400;\">Stage 5<sup>\u00e8me<\/sup> : \u00a0du 28 au 31 octobre \u00a0 \u00a014h30 \u2013 17h30<span style=\"font-size: inherit;\">\u00a0 \u00a0(12 heures)<\/span><\/p>\n<p>Stage 6<sup>\u00e8me<\/sup> : du 25 au 29 ao\u00fbt \u00a02025 \u00a0 \u00a0 \u00a0 \u00a0 14h00 \u2013 17h00<span style=\"font-size: inherit;\">\u00a0 \u00a0(15 heures)<\/span>\u00a0<\/p>\n<p style=\"font-weight: 400;\">\u00a0<\/p>\n<p style=\"font-weight: 400;\"><u><\/u><strong style=\"font-size: inherit;\"><u>Stage de pr\u00e9paration aux \u00e9preuves de l\u2019examen<\/u><\/strong><u style=\"font-size: inherit;\"> <strong>Cambridge English B1<\/strong><\/u><strong style=\"font-size: inherit;\">\u00a0Preliminary for Schools<\/strong> <strong style=\"font-size: inherit;\">(PET).<\/strong><\/p>\n<p style=\"font-weight: 400;\">(Ce stages s\u2019adresse aux \u00e9l\u00e8ves de seconde ou de 3<sup>\u00e8me<\/sup> ayant un bon niveau.)<\/p>\n<p style=\"font-weight: 400;\"><span style=\"font-size: inherit;\">Objectifs p\u00e9dagogiques : Travail des quatre comp\u00e9tences (compr\u00e9hension \u00e9crite, compr\u00e9hension orale, expression \u00e9crite et expression orale) autour de 3 th\u00e8mes diff\u00e9rents \u00e0 chaque stage.<\/span><\/p>\n<p style=\"font-weight: 400;\">Stage B1 : 21 octobre &#8211; 25 octobre \u00a0 \u00a0 \u00a014h30- 17h30<span style=\"font-size: inherit;\">\u00a0\u00a0 (15 heures) \u00a0 \u00a0 \u00a0 \u00a0 \u00a0 \u00a0 \u00a0 \u00a0 \u00a0 \u00a0 \u00a0 \u00a0 \u00a0 \u00a0 \u00a0 \u00a0 \u00a0 \u00a0 \u00a0 \u00a0 \u00a0 \u00a0 \u00a0 \u00a0 \u00a0 \u00a0 \u00a0 \u00a0 \u00a0 \u00a0 \u00a0 \u00a0 \u00a0 \u00a0 \u00a0 \u00a0 \u00a0 \u00a0 \u00a0 \u00a0 \u00a0 \u00a0 \u00a0 \u00a0 \u00a0 \u00a0 \u00a0 \u00a0 \u00a0 \u00a0 \u00a0 \u00a0 \u00a0 \u00a0 \u00a0 \u00a0 \u00a0 \u00a0 \u00a0 \u00a0 \u00a0 \u00a0<\/span><\/p>\n<p style=\"font-weight: 400;\">Professeur Mme Clancy\u00a0: <a href=\"mailto:clancyeurope@aol.com\">clancyeurope@aol.com<\/a><\/p>\n<p style=\"font-weight: 400;\"><strong style=\"font-size: inherit;\"><u>Tarifs stage et cotisation<\/u><\/strong><strong style=\"font-size: inherit;\"> :<\/strong><\/p>\n<p style=\"font-weight: 400;\">Stage 12h\u00a0\u00a0\u00a0 \u00a0\u00a0\u00a0\u00a0\u00a0\u00a0\u00a0\u00a0\u00a0\u00a0\u00a0\u00a0\u00a0\u00a0\u00a0\u00a0\u00a0:<strong> 110\u20ac<br \/><\/strong><span style=\"font-size: inherit;\">Stage 15h<\/span><strong style=\"font-size: inherit;\">\u00a0\u00a0\u00a0\u00a0 \u00a0\u00a0\u00a0\u00a0\u00a0\u00a0\u00a0\u00a0\u00a0\u00a0\u00a0\u00a0\u00a0\u00a0\u00a0\u00a0<\/strong><span style=\"font-size: inherit;\">:<\/span><strong style=\"font-size: inherit;\"> 135\u20ac<\/strong><\/p>\n<p style=\"font-weight: 400;\">+ Cotisation familiale : \u00a0<strong>20\u20ac <\/strong>(une cotisation par famille et par an)<\/p>\n<p style=\"font-weight: 400;\"><strong><u>Effectif<\/u><\/strong><strong> :\u00a0 \u00a0\u00a0\u00a0\u00a0\u00a0\u00a0\u00a0\u00a0\u00a0\u00a0\u00a0\u00a0\u00a0\u00a0<\/strong><strong>6 \u00e0 8<\/strong> participants<\/p>\n<p style=\"font-weight: 400;\"><a href=\"http:\/\/lesamisdealing.fr\/wp-content\/uploads\/2025\/06\/25-06-2025-Bul.d-inscrip-stage-6-5-et-B1.pdf\">Renseignements et inscription en cliquant ici<\/a><\/p>\n<\/div>\n<\/div>\n<\/div>\n<\/div>\n<\/div>\n\n\n<p><\/p>\n","protected":false},"excerpt":{"rendered":"<p>\u00a0 Stage coll\u00e8ge :Objectifs p\u00e9dagogiques : combler les lacunes, renforcer les acquis du coll\u00e8ge, am\u00e9liorer l\u2019assurance et la motivation par le biais d\u2019activit\u00e9s ludiques. Stage 5\u00e8me : \u00a0du 28 au 31 octobre \u00a0 \u00a014h30&#46;&#46;&#46;<\/p>\n","protected":false},"author":1,"featured_media":0,"parent":0,"menu_order":0,"comment_status":"open","ping_status":"open","template":"","meta":{"footnotes":"","_links_to":"","_links_to_target":""},"class_list":["post-287","page","type-page","status-publish","hentry"],"_links":{"self":[{"href":"https:\/\/lesamisdealing.fr\/index.php?rest_route=\/wp\/v2\/pages\/287","targetHints":{"allow":["GET"]}}],"collection":[{"href":"https:\/\/lesamisdealing.fr\/index.php?rest_route=\/wp\/v2\/pages"}],"about":[{"href":"https:\/\/lesamisdealing.fr\/index.php?rest_route=\/wp\/v2\/types\/page"}],"author":[{"embeddable":true,"href":"https:\/\/lesamisdealing.fr\/index.php?rest_route=\/wp\/v2\/users\/1"}],"replies":[{"embeddable":true,"href":"https:\/\/lesamisdealing.fr\/index.php?rest_route=%2Fwp%2Fv2%2Fcomments&post=287"}],"version-history":[{"count":65,"href":"https:\/\/lesamisdealing.fr\/index.php?rest_route=\/wp\/v2\/pages\/287\/revisions"}],"predecessor-version":[{"id":2125,"href":"https:\/\/lesamisdealing.fr\/index.php?rest_route=\/wp\/v2\/pages\/287\/revisions\/2125"}],"wp:attachment":[{"href":"https:\/\/lesamisdealing.fr\/index.php?rest_route=%2Fwp%2Fv2%2Fmedia&parent=287"}],"curies":[{"name":"wp","href":"https:\/\/api.w.org\/{rel}","templated":true}]}}